
What is the greatest common divisor of 247043070 and 150?
30
Calculate the greatest common factor of 11981995 and 5.
5
What is the highest common divisor of 17733623 and 1941?
647
Calculate the highest common factor of 571507 and 1895849.
1619
What is the highest common divisor of 7673082 and 192908?
3326
What is the greatest common divisor of 1701584 and 16?
16
What is the greatest common divisor of 17368396 and 12?
4
Calculate the highest common factor of 624 and 10592517.
39
Calculate the greatest common factor of 668 and 513124.
4
Calculate the highest common factor of 119144 and 221990.
562
What is the greatest common divisor of 183114 and 11070?
54
What is the highest common factor of 131572 and 29378?
74
What is the greatest common divisor of 693 and 41932737?
693
What is the greatest common factor of 49541 and 742189?
463
Calculate the greatest common divisor of 2698 and 2963682.
142
What is the highest common factor of 137837 and 13871?
97
What is the greatest common factor of 45 and 11686725?
45
Calculate the greatest common divisor of 279125 and 1211375.
1375
Calculate the highest common factor of 2033 and 16061498.
19
Calculate the greatest common divisor of 3287514 and 69.
3
What is the highest common factor of 1118747 and 23359?
497
What is the highest common divisor of 2720 and 47870980?
340
What is the greatest common divisor of 389224957 and 6303?
2101
What is the greatest common divisor of 262685 and 1109660?
2455
What is the highest common factor of 475 and 159016852?
19
Calculate the highest common factor of 161 and 743433761.
161
What is the highest common divisor of 28093939 and 1?
1
What is the greatest common divisor of 144220589 and 21290?
2129
Calculate the greatest common factor of 686809 and 5014.
109
Calculate the greatest common factor of 1097 and 17114297.
1097
Calculate the greatest common divisor of 3040845 and 96348.
111
What is the highest common factor of 22074 and 1378923?
39
Calculate the greatest common factor of 429 and 815243.
143
Calculate the highest common divisor of 361650 and 639000.
150
What is the greatest common factor of 1190 and 25452910?
1190
What is the highest common factor of 8448 and 14480048?
176
Calculate the greatest common factor of 762192 and 27492.
948
Calculate the highest common divisor of 38336112 and 45.
9
Calculate the greatest common factor of 66690201 and 612.
51
Calculate the greatest common factor of 32 and 3591472.
16
Calculate the greatest common divisor of 11 and 70677640.
11
Calculate the greatest common factor of 24747642 and 36.
18
Calculate the highest common divisor of 1488987 and 9.
9
What is the highest common divisor of 1262359322 and 14?
14
Calculate the highest common factor of 6557168 and 288.
16
What is the highest common factor of 6592 and 178326784?
6592
What is the highest common factor of 62560 and 22939970?
3910
What is the highest common factor of 653498 and 146?
2
What is the highest common factor of 35260 and 1084860?
820
What is the highest common divisor of 425424 and 10176?
48
Calculate the highest common divisor of 12318778 and 164.
82
Calculate the highest common factor of 5 and 18510295.
5
What is the highest common divisor of 21828 and 129498?
6
Calculate the highest common factor of 13479 and 34191.
3
What is the highest common divisor of 4872 and 658925820?
2436
Calculate the greatest common factor of 65 and 382615.
5
What is the highest common factor of 947374 and 1744172?
6274
Calculate the highest common factor of 1064 and 892373.
19
Calculate the highest common divisor of 1863 and 15336297.
81
Calculate the greatest common divisor of 213819 and 49051.
271
Calculate the highest common divisor of 34 and 3249352562.
34
What is the highest common divisor of 1472784 and 164?
4
What is the highest common factor of 27938 and 82440?
458
Calculate the greatest common factor of 32021 and 54381129.
451
What is the greatest common divisor of 1580 and 645825?
395
What is the greatest common divisor of 13608 and 63704?
8
What is the highest common divisor of 192598703 and 44?
11
What is the greatest common divisor of 2457 and 38376?
117
Calculate the greatest common divisor of 4393 and 609523.
23
What is the highest common factor of 58439259 and 54?
27
What is the highest common factor of 4218 and 4269060?
222
Calculate the highest common factor of 613315 and 10.
5
What is the greatest common divisor of 3677667888 and 124?
124
Calculate the highest common factor of 7359123 and 3.
3
What is the greatest common factor of 14733 and 10809?
9
Calculate the greatest common divisor of 4426554 and 4136.
1034
What is the greatest common factor of 132384 and 871584?
672
Calculate the greatest common divisor of 1277 and 59.
1
Calculate the greatest common divisor of 471280 and 534232.
344
Calculate the highest common factor of 40061 and 401968.
679
Calculate the highest common factor of 69450225 and 19.
19
Calculate the greatest common divisor of 6785569 and 1022.
511
Calculate the greatest common divisor of 32656 and 38708036.
628
What is the highest common divisor of 3835047 and 28101?
1479
Calculate the highest common factor of 593071 and 28.
1
Calculate the highest common divisor of 256230 and 5022.
54
What is the highest common factor of 6937440 and 1760?
160
Calculate the highest common factor of 27909000 and 315.
315
What is the highest common divisor of 1471655 and 442165?
955
What is the greatest common factor of 588033 and 24447?
87
What is the greatest common divisor of 427185363 and 1023?
1023
Calculate the greatest common divisor of 8398 and 18292326.
494
Calculate the highest common factor of 10462480 and 280.
280
Calculate the greatest common divisor of 295 and 6779665.
5
Calculate the highest common divisor of 294 and 296369738.
98
What is the greatest common divisor of 83326 and 38674?
122
What is the greatest common factor of 145726 and 963046?
98
What is the highest common factor of 783231603 and 411?
411
What is the highest common divisor of 2646 and 197683542?
882
Calculate the highest common factor of 502 and 14306498.
502
What is the highest common factor of 310599 and 162?
9
What is the greatest common factor of 652778 and 2571146?
13322
What is the greatest common factor of 216 and 1096362?
54
Calculate the greatest common factor of 285 and 3650505.
15
Calculate the highest common factor of 34 and 23157213.
17
Calculate the greatest common factor of 25 and 168381525.
25
Calculate the greatest common factor of 12108 and 12332.
4
What is the greatest common factor of 1131660 and 288?
36
Calculate the highest common factor of 10738 and 89166287.
413
Calculate the highest common divisor of 113929 and 14809.
59
What is the greatest common divisor of 17876 and 33251?
41
Calculate the greatest common divisor of 84 and 704334.
6
Calculate the highest common divisor of 105412 and 156313.
361
What is the highest common factor of 334 and 190933605?
167
What is the highest common factor of 283952 and 11688?
8
What is the greatest common factor of 60840795 and 110430?
6135
Calculate the greatest common divisor of 4974022 and 2378.
58
Calculate the greatest common divisor of 16711 and 754944.
983
Calculate the highest common factor of 2445 and 2710527.
489
Calculate the highest common divisor of 470517861 and 59.
59
What is the greatest common factor of 1463619990 and 42?
42
Calculate the highest common divisor of 4068 and 93735.
9
Calculate the highest common factor of 2261 and 218215.
19
What is the highest common divisor of 851967 and 14661?
1629
What is the greatest common factor of 2536044935 and 37?
37
Calculate the greatest common divisor of 8450386 and 273266.
2086
Calculate the highest common factor of 836 and 603724.
44
Calculate the highest common divisor of 168 and 1156065708.
84
Calculate the highest common factor of 129 and 22836225.
129
Calculate the highest common divisor of 8 and 15957856.
8
Calculate the greatest common factor of 5838 and 115535966.
1946
What is the greatest common divisor of 5117837 and 9381?
59
What is the highest common divisor of 496 and 101749192?
248
Calculate the greatest common factor of 93 and 159350757.
93
Calculate the greatest common factor of 45 and 187668.
9
What is the highest common factor of 246